4*p + g. Suppose -4*q + p = -2*l, l + 4*l = -4*q + 35. What is the greatest common factor of 3 and q?
3
Let i = 54 - 38. Let p be ((-2)/1)/(-2) - -2. Suppose o - 576 = -p*o. Calculate the highest common divisor of o and i.
16
Let y(w) = -19*w - 20. Let a be y(3). Let u = a - -84. What is the highest common divisor of u and 77?
7
Let t(y) = 2*y**3 + 3*y**2 + y - 5. Let a be (21/(-14))/(6/(-20)). Let r be t(a). Suppose -s - r = -6*s. Calculate the greatest common divisor of s and 26.
13
Let i be (-1 - 1*-24)*1. Let n = -563 - -230. Let c = n + 563. Calculate the greatest common divisor of c and i.
23
Suppose -5*u + 3*u - 12 = 0. Let g = u - -23. Let b(c) = -c**2 + 7*c + 17. Let t be b(7). What is the greatest common factor of t and g?
17
Suppose -2*b + 15 = b. Suppose 21 = b*y - 4. Let z(h) = h**2 - 12*h + 10. Let s be z(15). What is the greatest common factor of s and y?
5
Suppose 2*j - 5*j = -12. Let k(z) be the third derivative of z**4/6 - 19*z**3/6 - 17*z**2. Let n be k(5). Calculate the highest common divisor of j and n.
1
Suppose -9 = -q - y, 0 = -4*q + y + 18 - 7. Suppose q*h = 5*o + 193, -4*h + 80 = 3*o - 105. Calculate the highest common divisor of 141 and h.
47
Let w be (-7)/98 + (-2945)/(-70). Calculate the greatest common factor of w and 1134.
42
Let m = 23 + -20. Suppose 0 = 4*b - 8, m*b = 2*u + 3*u - 99. Let z be 330/21 - (-6)/u. Calculate the highest common divisor of 32 and z.
16
Let t be (-17004)/(-18) + (-40)/24. Calculate the highest common divisor of 46 and t.
23
Suppose -66 + 296 = 46*i. What is the greatest common factor of i and 205?
5
Suppose -4*q - 20 = -2*c - 0*q, 3*c - 4*q - 24 = 0. Suppose -4*k = c*f - 16, k = 3*f - 0*f - 4. What is the highest common divisor of 22 and k?
2
Let u = 43 - -40. Suppose -82*s + u*s - 117 = 0. What is the highest common factor of s and 18?
9
Suppose -4*n = -3*g - 29, 5*n = 3*g + 34 + 3. What is the greatest common factor of 392 and n?
8
Suppose 37 = 5*b + 2*x - 294, 4*b - 274 = 3*x. What is the greatest common divisor of 67 and b?
67
Suppose -3*d + 39 = -24. Suppose -2*f + d = -11. Let y(l) = l + 16. Let q be y(-8). Calculate the highest common factor of q and f.
8
Let h(o) = o**2 - 31*o + 142. Let y be h(26). Calculate the greatest common divisor of 162 and y.
6
Suppose -3*o + 12 = 2*n - 15, 2*n - 48 = 4*o. Suppose 3*l - 25 - 29 = 0. Calculate the highest common factor of l and n.
18
Suppose -3*y = 3*m - 540, -m - 231 = -y - 43. Calculate the highest common divisor of 506 and y.
46
Suppose -8*j = -26 - 62. What is the highest common divisor of 99 and j?
11
Let l(x) be the first derivative of -25*x**2/2 - 1. Let s be l(-4). Suppose -2*o - 3*o + s = 0. Calculate the highest common factor of o and 120.
20
Let l(y) = -14*y - 195. Let f be l(-17). What is the highest common divisor of f and 1118?
43
Let r(q) = -q**3 + 7*q**2 + 10*q + 8. Let i be -4 + 3 + 6/(-5)*-5. Let w be r(i). Calculate the highest common divisor of 12 and w.
12
Let r(v) = -v**3 - 17*v**2 - v - 14. Let y be r(-17). Suppose -m = -y*n + 7*n - 19, -n = m - 4. Calculate the greatest common factor of n and 65.
5
Suppose -6*n + 3*n - 3*q = -1995, 0 = -5*n - 4*q + 3330. Calculate the highest common divisor of 20 and n.
10
Let m = 66 + -55. Suppose -9*d + 25 = -m. Let w be (-1)/(-2) - 2/(-4). What is the greatest common factor of d and w?
1
Let l(z) = z**2 + 2*z + 6. Let h be l(-3). Let q be -42*((-24)/h)/4. Let d = -3 - -17. What is the greatest common factor of d and q?
14
Suppose 4*a + 0*a - 159 = -g, 4*g - a = 670. Suppose g - 44 = 3*c + i, c - 48 = 2*i. What is the highest common divisor of 12 and c?
6
Let s(l) = 340*l + 12. Let x be s(1). What is the highest common factor of x and 11?
11
Let c(g) = 62*g**2 - 11*g + 21. Let f be c(4). What is the highest common divisor of 57 and f?
57
Let r = 25 - 9. Suppose 3*a = 294 + 1002. Suppose 2*s - a = -s. Calculate the greatest common divisor of s and r.
16
Suppose -p - 5*o + 17 = -10, -o + 15 = 5*p. Suppose 5*j + p*w - 161 = w, -5*w = j - 37. What is the highest common divisor of 8 and j?
8
Let i(g) = -5*g - 2. Let y(l) = l. Let b(k) = i(k) + 6*y(k). Let m be b(5). Let w be (-54)/18*(0 - m). What is the greatest common divisor of w and 99?
9
Let j be ((-88)/(-6))/(((-247)/(-39))/19). What is the highest common factor of 55 and j?
11
Suppose -7*k = -2*k - 10. Suppose -k*b - 11 - 7 = -w, 5*w + 4*b = 104. Calculate the greatest common divisor of w and 180.
20
Suppose -6*w + 7 = -41. Suppose -4*y + 3*y = 4*h - 180, -5*h = -2*y - 212. What is the highest common factor of h and w?
4
Let p = 12 - 7. Suppose -2*c = -p*c + 24. Suppose -d - 3*d = -c. What is the highest common factor of d and 22?
2
Suppose 0 = -4*l + i + 17 - 2, -2*l - i = -3. Suppose l*k = 10 - 7. What is the highest common divisor of k and 11?
1
Let n be 11/((-33)/(-468)) - 0/7. Let q be (-4)/(-14) + 1810/35. What is the greatest common divisor of n and q?
52
Let p be 5 - 5/((-10)/66). What is the greatest common divisor of p and 247?
19
Suppose p + 16*p - 17 = 0. Suppose 5 - 14 = -z + 2*w, 3*z = -5*w + 27. Let f be z/(-2)*(-14)/p. Calculate the highest common factor of f and 9.
9
Suppose 10*m - 8*m - 8 = 0. Let n(o) = -o**2 - 5*o + 3. Let g be n(-6). Let s be g/15 - (-61)/5. What is the greatest common factor of m and s?
4
Let g(o) = o**3 + o**2. Let j be g(2). Calculate the greatest common divisor of 492 and j.
12
Let c be (4 - (-77)/(-2))/(1/(-2)). What is the highest common factor of 299 and c?
23
Suppose -5 = -2*x - 45. Let w = -14 - x. Suppose 26 = 4*c - 22. Calculate the highest common factor of w and c.
6
Let i = -112 + 187. What is the greatest common divisor of i and 45?
15
Suppose -4*p + 0 + 4 = 0. Let j(w) = 20*w**3 - w**2 + 1. Let z be j(p). Let n = z - 16. Calculate the highest common factor of n and 12.
4
Suppose 26 + 0 = 2*b + 2*q, 3*b = -4*q + 40. Let c = 100 - b. Let n(w) = -w**3 - 8*w**2 - 2*w - 8. Let y be n(-8). What is the highest common factor of y and c?
8
Suppose 70 = -558*c + 568*c. Suppose 5*f - 50 = 3*k, -3*k + 0*k = 5*f - 20. Calculate the greatest common factor of c and f.
7
Let r(b) = b**2 + 21*b + 1. Let t be r(-21). Calculate the highest common divisor of 43 and t.
1
Let u(y) = -y**3 - 2*y**2 + 8*y + 2. Let r be u(-6). Suppose 0 = f - 5 - 9. Suppose f = -9*a + 10*a. Calculate the highest common divisor of a and r.
14
Suppose -t - 5 = -0*l - l, -2*t - 12 = -3*l. Let p be (-1)/(-2)*((-12)/(-3))/l. What is the greatest common divisor of 1 and p?
1
Let s(h) = -6*h - 40. Let q be s(-7). Suppose q*f - 454 = -u, -4*f - 2*u = -5*f + 217. What is the highest common factor of f and 9?
9
Suppose 2 = -p + 2*v, 0 = -4*p - 3*v + 47. Suppose p*b + 360 = 11*b. Calculate the greatest common factor of b and 15.
15
Suppose 65*i - 9*i = 46256. Calculate the greatest common divisor of 118 and i.
118
Suppose -n - 2*d + 6 = -10, -2*n - 2*d + 34 = 0. What is the highest common factor of 2 and n?
2
Let k(u) = -u + 39. Let y be k(12). Let d = -88 - -133. What is the highest common factor of d and y?
9
Let z = 33 - 28. Suppose 0 = b + z*b - 48. Let c = b + 2. What is the highest common divisor of 40 and c?
10
Let h be ((-32)/(-40))/((-4)/30). Let u be h/(-14) + 11/7. Let c be 0 + ((-108)/u)/(-3). What is the highest common factor of c and 12?
6
Suppose 3*t = 4*t + x - 2, -9 = -2*t + 3*x. Suppose -20 - 46 = -t*n. Calculate the highest common factor of 22 and n.
22
Let y be ((0 - 10) + 9)*-1037. Calculate the greatest common factor of y and 61.
61
Suppose 22*l = 23*l - 3. Let m be l - 29/9 - (-76)/18. Suppose -z + 4*c = -2*z + 22, 0 = -3*z + c + 27. Calculate the greatest common factor of z and m.
2
Suppose f - 4*d = -f, 2*f - 1 = 3*d. Calculate the highest common divisor of 2 and f.
2
Let h = 17 - -51. Let p = h - 28. Let x = -9 - -19. Calculate the greatest common factor of x and p.
10
Suppose -221 + 21 = -5*w. Suppose -n = n - w. Let g(r) = -1101*r - 8798. Let x be g(-8). What is the greatest common divisor of n and x?
10
Let m = -235 - -239. Let c(t) = 4*t - 2. Suppose 0 = -6*u + 4*u + 4. Let h be c(u). Calculate the greatest common divisor of h and m.
2
Suppose -7 - 5 = -y. Suppose -7*c = -9*c + 120. Suppose 4*t + c = 6*t. Calculate the highest common divisor of y and t.
6
Let y = -218 - -383. Let x(o) = -o**2 